3
37 - (50 + 26 + -27)
-12
What is (9 - 4 - 11) + 24 + 36 + -33?
21
What is the value of (10 - (6 - 2)) + -26 + 12 + 33?
25
Calculate 31 - (61 + -42) - 13.
-1
What is the value of -10 + 0 + (3 - -17)?
10
What is the value of -11 + (4 + 2 - (9 + 25 + -27))?
-12
Calculate -27 + 13 + (12 + -10 - -1).
-11
4 + (8 - 13) + 14 + 8
21
What is the value of 5 - (-24 - -19) - -5?
15
-64 + 60 - (6 - 0)
-10
What is the value of (6 + 6 - 13 - -2) + 0 + 1?
2
Calculate -5 - (0 + 9 + -8 + 5).
-11
(-5 - -4) + (-3 - -25)
21
Calculate -7 - (4 - 7) - (1 + 0 - 18).
13
What is the value of (16 - 1) + 47 + -94 + 44?
12
What is -4 + (-4 - (11 + -2 + -7))?
-10
What is the value of -4 + (-44 - -30) - (-20 + 1)?
1
-2 + 11 + -2 + 6 + -15
-2
Calculate 76 - 78 - (0 - -1) - (0 + -4).
1
Evaluate (-2 - 1 - (-25 - -12)) + -10.
0
What is the value of (-11 - ((2 - 27) + 5)) + -5?
4
-1 + (-3 - (6 + 0 - 4))
-6
8 - (-36 + (-9 - -34))
19
Calculate (7 + -3 + 1 + -2 - 3) + 6.
6
Evaluate (31 - -1) + -8 + (-14 - -22).
32
Calculate 49 + 6 + 63 + -83.
35
12 + (0 - 8) + -9 - (-2 + 6)
-9
Evaluate 5 - (-14 - -23) - -19.
15
Calculate -64 + 44 - (1 - 11).
-10
What is the value of 10 - (1 + -2) - (-28 - -40 - 7)?
6
Calculate -5 - (21 + -2) - -12.
-12
-8 + 5 + (-3 - -14)
8
1 - ((0 - -15) + -2 + -15)
3
Evaluate 1 - 8 - 1 - (-5 + 5).
-8
What is the value of 78 + -48 + 38 + -30?
38
What is 3 - ((-7 + -4 - (1 - 3)) + 25)?
-13
(24 - (6 - -21)) + 6 - (-1 + -4)
8
What is (26 + -16 - 24) + 16?
2
What is -1 - ((-8 + 14 - 10) + -18)?
21
(-182 + 167 - (0 - 6)) + 33
24
(30 - -10) + 12 + -8 + -16
28
6 - (-22 + 23 + (-10 - 5))
20
-11 + (-11 - -31) + -14
-5
Calculate -15 + -15 + 9 + 24.
3
What is the value of (-4 + 8 - 13 - -11) + 10?
12
What is (5 - -5 - 10) + (-2 + -2 - 12)?
-16
What is -3 - (7 + (2 - 4) + 1 + 1)?
-10
What is -7 + 12 + -16 - -3?
-8
What is the value of -2 - (-3 - (10 + -17) - (-5 - -17))?
6
What is (1 - -21) + 0 - (-708 + 723)?
7
What is (-11 - 0) + 16 - ((2 - -4) + -3)?
2
What is -18 + 7 - (-5 + -4) - -8?
6
Evaluate -78 + 63 - (5 - 22).
2
What is the value of -38 - 1 - (766 - 780)?
-25
What is 3 + (7 - (1 + 2) - 10)?
-3
What is 8 - (-4 + -37 + 25)?
24
Calculate (1 - 4 - (-6 + -20 + 24)) + -5.
-6
What is the value of -33 + 11 + 0 - -19?
-3
-5 - (-4 + 9) - (16 + -1 + -21)
-4
What is (476 - 509) + 11 + -2?
-24
Calculate -3 - ((-13 - -8) + -5 + 14) - -6.
-1
What is -4 + 12 + -3 + -3 + -9?
-7
Calculate 31 + (24 - 78 - -25).
2
22 - (-34 - (29 + -60))
25
Evaluate 6 + 2 - (-11 - (4 - 16)).
7
What is the value of 7 + -3 - 2 - (0 + 18)?
-16
What is the value of (1 - -4) + (-2 - 16 - -1 - -9)?
-3
Evaluate 14 - (-29 - -29 - 5).
19
-7 - (-10 + (7 - 1 - -1))
-4
What is -22 - (-12 - (30 + -24))?
-4
What is the value of 0 + -21 + (10 - -5) + -36 + 14?
-28
Calculate 6 + -14 + 2 - (-9 + 5 + -6).
4
What is the value of -19 + 2 + 7 - -26?
16
-12 + (-2 - -2 - 1)
-13
What is (24 + -5 - 3) + -17?
-1
Calculate (157 + -149 - (2 + -1) - -1) + -2.
6
Calculate (121 - 114) + (-2 - -2 - 3) + -5.
-1
Calculate -2 - -16 - (-9 - (-36 - -5)).
-8
What is the value of (-20 - (9 + -4)) + 16 + (-5 - 1)?
-15
What is the value of (0 - 0 - (3 + 17 + -16)) + -11?
-15
2 - (-1 + -1) - (10 - 17)
11
Calculate 0 + -27 + (-37 - (-14 - 26)).
-24
What is the value of 15 - (28 + -15 + -13)?
15
What is -2 - (2 + 1 + 2 + -2 + 5)?
-10
What is 2 + -1 + 21 + -38?
-16
What is 1 - 3 - (4 + 5 + (-14 - -3))?
0
Calculate (-16 - -3) + -2 - (181 - 187).
-9
Calculate -9 + -13 + 15 + -1.
-8
(12 - 25) + 7 + 0 + 7
1
What is -28 - (-22 + (-20 - -14))?
0
What is the value of (-49 - -29) + 10 - 7?
-17
What is the value of (16 - 29) + 9 + 17 + 0?
13
What is the value of (12 - 0) + (4 - ((4 - -1) + -11))?
22
Calculate -2 + -1 - (-27 + 20).
4
(14 - (-4 - -13)) + -18 + 29
16
Evaluate (24 - (18 + -2)) + (-2 - -3) - -2.
11
Calculate 7 - ((34 + -4 - 13) + 4).
-14
What is the value of -3 - 1 - (-16 + (35 - 3))?
-20
Calculate (1 - -2 - -1) + -2 - (11 - 17).
8
Calculate -1 - (60 + -72 - (0 + 4)).
15
Evaluate -2 + 9 - (-15 - (-15 + 15 + -8)).
14
Calculate 3 - -29 - 1 - (-3 + -5 - -14).
25
What is the value of (-21 - -3) + 24 - 7?
-1
What is -5 - (-14 + 15 - (0 + 2))?
-4
What is the value of 191 + -216 + (3 - -3) + 1?
-18
Evaluate -13 - 3 - (9 + -31) - (-17 + 1).
22
8 - ((-47 - -28) + 6)
21
(11 - 3) + 0 - (32 - 10)
-14
Evaluate -2 + 14 + (12 - 12) + -34.
-22
What is 18 - (17 - 10) - 3?
8
What is the value of (-4 - 2) + -2 - -3 - (6 + -3)?
-8
What is (20 - 9) + (6 - 3) + (4 - 2)?
16
What is the value of -7 + (0 - -15 - -5)?
13
What is the value of -1 + (-7 - -3) - -4 - (6 - -2)?
-9
What is the value of (5 - -7) + -5 + 2?
9
Calculate (-1 - (1 - 0)) + -77 + -145 + 225.
1
Evaluate (2 - -5 - (1 + 4)) + 14.
16
What is the value of (-12 - 1) + 0 - (-17 + (-11 - -32))?
-17
What is (-14 + -2 + 10 - -7) + 8?
9
Calculate -4 + (15 - -3) + -2.
12
What is 15 - (-49 - (-18 + -20))?
26
Evaluate -13 + (-37 - -40 - (-1 + -5)).
-4
What is the value of 34 - (17 - -13 - 23)?
27
What is -1 + -7 + 2 - (-75 + 40 + 11)?
18
What is (-2 + -8 - 0) + 24?
14
24 + -63 + 67 + (0 - 1 - 4)
23
What is (859 - 848) + (0 - 0 - 3)?
8
What is 0 - -9 - (15 + -18 + (15 - 15))?
12
-1 + 12 + 1 - (-36 - -15 - -23)
10
Calculate -1 - (-5 - (-17 - (8 - 12))).
-9
What is the value of 4 + (3 - (-1 - (0 - 4))) + 4?
8
18 + (0 - (-1 + (9 - -5) + -6))
11
2 + -15 + 2 - (-58 + 21 - -29)
-3
What is the value of (26 + -2 - (-7 - -18)) + 1?
14
Evaluate -6 + 7 + 55 + -75.
-19
What is -3 + (-4 - -15) + -8 + -4?
-4
What is -17 + (-7 - 11) + 17?
-18
What is -3 - 1 - (-1 + (-9 - -5))?
1
What is the value of (4 - (-18 - -7 - -6)) + (-3 - -3)?
9
Evaluate (13 - (1 + 22)) + 18 - (-2 - -7).
3
What is the value of 1 + -2 + (-27 + 21 + -14 - -7)?
-14
What is the value of -9 - (15 + -11 + 8 - (0 + -1))?
-22
What is -1 + -20 + (5 - 8) + -3 + 10?
-17
What is -19 + (40 - 72) + 15?
-36
What is 0 + (-5 - -7) + 2?
4
What is the value of -3 + 2 + 3 - (-6 + 3 + -5)?
10
Evaluate (12 - -3) + (-79 - -55) - -26.
17
1 - -7 - ((0 - 20) + (-249 - -267))
10
Evaluate -57 - 22 - -21 - -25.
-33
Calculate (3 - 1) + -2 - (-1 + 11).
-10
0 - (8 - 1) - (275 - 285) - -7
10
What is -1 + (-5 - -2) - 2 - (-131 - -112)?
13
What is the value of 3 - (4 - -13) - (36 - 38)?
-12
4 - (10 + (-14 - -1))
7
What is the value of -5 + -6 + -16 - (-2 + 3 + -9)?
-19
Calculate (34 - 20) + -14 + 0.
0
What is the value of 10 + 5 + -1 - (0 + 8)?
6
What is -4 + (0 - 3) - (-5 - (-13 - -7))?
-8
What is the value of 0 - 14 - (1 - (1 - -1))?
-13
Evaluate (-3 - (-12 + 7 - -11)) + -20.
-29
What is 3 - (-16 + 40 - 16)?
-5
What is -7 + (2 - 2) - (16 + -14 + -3)?
-6
What is the value of 1 - (-15 - (-2 + -13 - -3))?
4
Calculate (34 - 4) + -50 + -6.
-26
Calculate 18 + (0 + -1 - (-15 - -21)) + -5.
6
Evaluate 4 + -7 + 2 - (-40 + 37).
2
(-41 - -58) + -10 + 3
10
28 + -43 + 9 - (1 - -2)
-9
What is the value of 1 - (-29 + 5 - -28) - (-1 - -12)?
-14
What is the value of 101 + -60 + -35 - (16 + -1)?
-9
-7 + 6 + -4 + (-8 - -13)
0
What is the value of 38 - 3 - (199 - 187)?
23
(4 - 1) + -8 + 24 + -12
7
What is the value of (-11 - -15) + (3 - ((0 - 4) + 7))?
4
-4 + 1 - (22 - (-42 - -58))
-9
-4 + 19 + 4 + -14
5
Calculate 10 - (6 + (-9 - -4) + -5 + 10).
4
(-12 - -42) + -13 - 19
-2
What is -7 - (-5 - -18 - 23)?
3
Calculate 28 + -3 + (-26 - -19).
18
Calculate (-4 + 4 - (-22 + 30)) + -4.
-12
Calculate (-13 - -4 - -24) + (2 - 8).
9
Calculate 0 + 17 + -35 + 6.
-12
Evaluate -3 - -1 - (2 + (4 - 12)).
4
-13 - (-18 - -11 - 12)
6
-388 + 377 + 23 + 2
14
Calculate (15 - 0) + 4 - (-484 + 535).
-32
What is (1 - -2) + 15 + -6?
12
What is -10 + 15 + -8 + (8 - 13 - -21)?
13
What is -2 - (-1 + 5) - (-8 - (-9 - -4))?
-3
What is the value of (11 - 10) + -11 - -27?
17
-117 - -131 - (26 + 1)
-13
Calculate 1 - -23 - (1146 + -1099).
-23
Evaluate 3 - -1 - (6 + 0 + 7 + -10).
1
Calculate -2 + 1 + -5 + 21 + (0 - -7).
22
Evaluate (45 - 66) + (3 - -8).
-10
What is 0 + -1 + 3 + -74 + 63?
-9
Evaluate -1 + 41 - (30 + -9).
19
What is 8 - (9 - 16 - (2 + -17 - 2))?
-2
Calculate -7 + 33 + (-35 - -11).
2
What is the value of (1 + -4 - -36) + (1 - 15)?
19
Calculate 6 - 3 - (6 + 5) - (-3 - 2).
-3
Evaluate 5 - (8 - ((14 - 32) + 8)).
-13
(618 - 623) + 0 + 23
18
What is the value of 3 - (2 + -2 - -21) - (-107 - -100)?
-11
Evaluate 19 - (21 - (14 + -3)).